4 + 3?
6997
In base 11, what is 1 - 18551?
-18550
In base 3, what is 1211112 + 1100?
1212212
In base 8, what is -1630 - -267?
-1341
In base 5, what is 32003 - 1022?
30431
In base 10, what is 1684 + -4?
1680
In base 8, what is 71270 - 1?
71267
In base 13, what is b2 - 36c?
-28a
In base 7, what is 14 + 2405?
2422
In base 9, what is 661372 + 1?
661373
In base 13, what is a158 + 4?
a15c
In base 5, what is -1222220 + 14?
-1222201
In base 9, what is -1254451 + -3?
-1254454
In base 7, what is -2 + -4455?
-4460
In base 8, what is 2 - -411527?
411531
In base 16, what is 18 + -585?
-56d
In base 7, what is 103 - -123?
226
In base 2, what is -11011110000100000001 + -101?
-11011110000100000110
In base 11, what is -48 + 10?
-38
In base 12, what is 410 - -1714?
1b24
In base 16, what is 8 - 930f?
-9307
In base 15, what is -2 + c16d?
c16b
In base 11, what is 100a8 + -1?
100a7
In base 4, what is -21100310 + 2?
-21100302
In base 9, what is -34 + -137616?
-137651
In base 9, what is 3 + 61555?
61558
In base 6, what is 14 - -3304?
3322
In base 9, what is 14 - -22642?
22656
In base 11, what is -101 - -2920?
281a
In base 14, what is -98 - -a7?
d
In base 3, what is 10002120201 + 102?
10002121010
In base 3, what is -101120 + 22111?
-2002
In base 6, what is 124 + 34133?
34301
In base 10, what is 0 + -14919?
-14919
In base 8, what is 75556 - 0?
75556
In base 2, what is -1000011 - -101001?
-11010
In base 4, what is -102 - 100211103?
-100211211
In base 10, what is -1 - 604?
-605
In base 10, what is -6 - -4275?
4269
In base 10, what is 39 - -20477?
20516
In base 12, what is -1268 - 29?
-1295
In base 14, what is 59221 + 1?
59222
In base 14, what is 1 - 22804?
-22803
In base 10, what is -6660 - -168?
-6492
In base 3, what is 1112 + -211122?
-210010
In base 6, what is 55 + 5223120?
5223215
In base 5, what is 1311 + -1003?
303
In base 5, what is -1143 + 10222?
4024
In base 16, what is 1d9 - 22?
1b7
In base 9, what is 5 - 80118?
-80113
In base 15, what is -d - -7d11?
7d03
In base 12, what is -5 + 7790?
7787
In base 2, what is 0 + -101101001010001?
-101101001010001
In base 10, what is -74 - -1351?
1277
In base 4, what is -201231 + 103?
-201122
In base 12, what is 137888 - 2?
137886
In base 11, what is 71273 + 15?
71288
In base 6, what is 10 - -4233?
4243
In base 13, what is 3 - 1419?
-1416
In base 10, what is 924 + 1729?
2653
In base 15, what is 24a - b8c?
-942
In base 10, what is 2326 - 1?
2325
In base 10, what is -10 - 6725?
-6735
In base 16, what is 273 - -5?
278
In base 6, what is -35441 + -3?
-35444
In base 8, what is -36443 - 2?
-36445
In base 11, what is 1355379 - -4?
1355382
In base 3, what is 212 - -2120020001?
2120020220
In base 9, what is 303385 - 5?
303380
In base 10, what is 1163 - 890?
273
In base 15, what is 4 - 1182c2?
-1182bd
In base 5, what is 114 + -1004102?
-1003433
In base 14, what is -6981 - -103?
-687c
In base 4, what is -1112 + -10123?
-11301
In base 12, what is 2 + 381361?
381363
In base 4, what is 11 + 12031030111?
12031030122
In base 9, what is -105 + 13176?
13071
In base 15, what is -324c - 0?
-324c
In base 6, what is -33012 - 3?
-33015
In base 2, what is -11 - 10001010111011110?
-10001010111100001
In base 8, what is -131 - 122?
-253
In base 8, what is -3025 + 467?
-2336
In base 10, what is -50626 + -7?
-50633
In base 2, what is -10010100001101011111001 - -1?
-10010100001101011111000
In base 3, what is 1 - -22012202002?
22012202010
In base 9, what is 3 - 74524?
-74521
In base 13, what is 47b8 + -6?
47b2
In base 6, what is 4 - 531140?
-531132
In base 12, what is -4 + 48714?
48710
In base 15, what is 1 + 34c9?
34ca
In base 5, what is 10412033 - 0?
10412033
In base 12, what is 2 + 4a279?
4a27b
In base 12, what is 8a9b - 0?
8a9b
In base 13, what is -14b0716 + 0?
-14b0716
In base 14, what is 1c + d9a?
db8
In base 10, what is 27 + -218536?
-218509
In base 14, what is 4343 - 0?
4343
In base 8, what is -51 - 41772?
-42043
In base 12, what is -61 - -1b09?
1a68
In base 14, what is -1 + 4728?
4727
In base 8, what is 0 - 20141?
-20141
In base 7, what is 1604 - -36?
1643
In base 6, what is 213 + 224145?
224402
In base 10, what is -6 - -11135?
11129
In base 12, what is b - 4bb6?
-4ba7
In base 6, what is 104500 - -5?
104505
In base 5, what is -1 - 20331133?
-20331134
In base 2, what is 1000101111000110 + -11?
1000101111000011
In base 10, what is -8 + -3586?
-3594
In base 9, what is -23168 + 4?
-23164
In base 12, what is -1951 - 9?
-195a
In base 11, what is -68874 - -13?
-68861
In base 13, what is -3 - -aac?
aa9
In base 15, what is 251 - 17c?
c4
In base 12, what is -54 - 129?
-181
In base 14, what is -33818 + 2?
-33816
In base 14, what is 2 - 787b1?
-787ad
In base 16, what is 468 + -123?
345
In base 10, what is -4 - -432596?
432592
In base 11, what is 32 + 235?
267
In base 10, what is 4702 + 40?
4742
In base 6, what is 111 + -101?
10
In base 6, what is -22333 + 22?
-22311
In base 10, what is -88 + -7397?
-7485
In base 6, what is 3 - -1015251?
1015254
In base 5, what is -140 - 42040?
-42230
In base 8, what is -4 - -147452?
147446
In base 8, what is 56 - 150257?
-150201
In base 2, what is 110 - 101001100000101111?
-101001100000101001
In base 12, what is 18 + -604?
-5a8
In base 13, what is 69 + -747c?
-7413
In base 2, what is 1000100111011100011 - 100?
1000100111011011111
In base 2, what is 10111001 - -101110?
11100111
In base 7, what is -4 - -110246?
110242
In base 12, what is -6 + -35603?
-35609
In base 3, what is -10011220101202 + 12?
-10011220101120
In base 11, what is -5 - 10675?
-1067a
In base 15, what is 28ac + 93?
2950
In base 5, what is 11121 - 3001?
3120
In base 3, what is 1012212 + 2122021?
10212010
In base 7, what is -4163 - -132?
-4031
In base 12, what is 1 - 1b6a69?
-1b6a68
In base 6, what is 3 - 223205?
-223202
In base 11, what is -10 + -a0a1?
-a101
In base 16, what is -f88 - 2?
-f8a
In base 11, what is -40476 + -3?
-40479
In base 16, what is 2714 + 3?
2717
In base 6, what is -300045 + 4?
-300041
In base 15, what is -b65 + 9?
-b5b
In base 9, what is -1135717 - 0?
-1135717
In base 6, what is 31 + 444413?
444444
In base 5, what is -2 - 140403243?
-140403300
In base 11, what is -4 - -a4853?
a484a
In base 15, what is -5 - -cc2a?
cc25
In base 16, what is 2 - -12669b?
12669d
In base 5, what is -344 - -2033230?
2032331
In base 3, what is 1110022 + -11110?
1021212
In base 5, what is -2241 + -1324?
-4120
In base 4, what is 1100223 - -100?
1100323
In base 12, what is -307 - -1109?
a02
In base 10, what is -623089 - 4?
-623093
In base 3, what is 20201222 + 120?
20202112
In base 6, what is -300 - -1445?
1145
In base 2, what is 11100001 + -101010100?
-1110011
In base 15, what is -4 + -10108?
-1010c
In base 4, what is -1002 + 31000?
23332
In base 16, what is 19c08 + 3?
19c0b
In base 5, what is 10 + -3212412?
-3212402
In base 15, what is 93 + -50?
43
In base 4, what is 13 - 22222?
-22203
In base 6, what is 210224 - -1014?
211242
In base 3, what is -101 - -121010112?
121010011
In base 14, what is 54 + -1dc?
-188
In base 16, what is 565 - -1?
566
In base 7, what is 256655 + -4?
256651
In base 11, what is -132695 + 2?
-132693
In base 8, what is 1633157 - 1?
1633156
In base 16, what is -1193 - 3?
-1196
In base 5, what is 12341 + 12?
12403
In base 3, what is 2220212 + -202221?
2010221
In base 2, what is 1011100000 + -11111000?
111101000
In base 4, what is -221 - -32010?
31123
In base 4, what is -22 + 1233232232?
1233232210
In base 5, what is 2422 + 130032?
133004
In base 14, what is 18a + 33?
1bd
In base 12, what is -2025 - 122?
-2147
In base 4, what is 212031 + 0?
212031
In base 11, what is 20378 + -1?
20377
In base 8, what is 5017 - -6?
5025
In base 3, what is 20 - 121220110?
-121220020
In base 5, what is 1444 + -202?
1242
In base 5, what is 31 + -40441?
-40410
In base 11, what is 1063 - 2?
1061
In base 10, what is -1 + 60331?
60330
In base 10, what is 4217 + -113?
4104
In base 16, what is -4 + -2c31?
-2c35
In base 13, what is 1 - -2689?
268a
In base 16, what is b6af - -c?
b6bb
In base 12, what is 2564 - -10?
2574
In base 3, what is 2000001 + -10210011?
-1210010
In base 13, what is -3478 + 3?
-3475
In base 7, what is 611001 - 3?
610665
In base 9, what is -8 + -3204?
-3213
In base 4, what is 233121 + -201?
232320
In base 8, what is 47 + -131047?
-131000
In base 4, what i